11*s**3/6 + 9*s**2/2 + 2*s. Suppose -t + 1 = -9. What is the units digit of j(t)?
9
Let k(v) = -v + 6. What is the units digit of k(0)?
6
Let v be (-2)/(-9) - 16/(-9). Let t(g) = 1 + 2 + v*g - 2 - g**3. What is the units digit of t(-2)?
5
Let j(r) = 2*r**2 - 3*r - 1. Let b be j(3). Let t(h) be the second derivative of h**5/20 - 7*h**4/12 - 7*h**3/6 - 7*h**2/2 + h. What is the units digit of t(b)?
1
Suppose 13 = -2*o + 1. What is the tens digit of 16/3*(-27)/o?
2
Suppose 0 = -i - 18 + 3. What is the units digit of 4/10 + (-69)/i?
5
Let b(g) = -g**3 + 4*g**2 + 5*g - 6. Let v be b(5). Let q = v + 19. What is the tens digit of q?
1
Suppose -4*b + 6*b = -4*b. Suppose 0 = t - 4*t - 12. Let y = b - t. What is the units digit of y?
4
Suppose 0 = -p + 344 - 124. What is the tens digit of (1/(-2))/((-10)/p)?
1
Let m = -37 + 62. Let y = m + -14. What is the tens digit of y?
1
Let b(t) be the second derivative of -1/20*t**5 + 1/12*t**4 + 5/2*t**2 + t + 0*t**3 + 0. What is the units digit of b(0)?
5
Let k be (-11 - -15)*(0 - -1). Let g = k - -1. What is the units digit of g?
5
Let u = 9 + 5. Let z = u - 5. Let v = -8 + z. What is the units digit of v?
1
Let m(s) = -s**2 + 8*s + 7. Let d be m(8). Suppose i - 2*p + 2 = 0, 3*p + d = -3*i + 1. What is the units digit of 0 + 8 + i - 0?
6
Let c(n) = n**2 + 15*n + 8. What is the tens digit of c(-17)?
4
Suppose 4*a - 15 - 5 = 0. Suppose -q - a = -27. Let t = -14 + q. What is the units digit of t?
8
Let r(n) = -n**3 + n**2 + 8*n + 3. Let y(m) = 2*m**3 - 3*m**2 - 17*m - 6. Let o(u) = 7*r(u) + 3*y(u). Suppose -5*i - 6 - 14 = 0. What is the tens digit of o(i)?
1
Suppose 6*w - 10 = -2*h + w, 4*w = 2*h + 8. Let f = 4 - h. Suppose 0*a = f*a - 56. What is the units digit of a?
4
Suppose 0 = g + 5, 5*n - 15 = -0*n - g. Suppose b - n = 4. What is the units digit of b/12 - (-38)/6?
7
Let n(r) be the second derivative of -17*r**3/6 - 2*r. What is the tens digit of n(-1)?
1
Suppose 3*o + 4*l - 35 = 0, 3*o - l - 6 - 4 = 0. Suppose -68 = -2*d + o*s, -d + s + 35 = -2*s. What is the units digit of d?
9
Let i = 6 - 1. What is the units digit of (-6)/15 - (-37)/i?
7
Let g = 6 + -10. What is the units digit of 29 + (-3)/(3/g)?
3
Let z(l) = -3*l - 7. Let r be z(-8). Let o = 24 - r. What is the units digit of o?
7
Suppose -5*o - 22 + 201 = -s, -3*o - 3*s + 111 = 0. What is the units digit of o?
6
Let g be (-1 + 3 - 1) + 2. Suppose g*a + a = 12. Suppose 2*l + 3*s - 13 = 0, 3*l + 0 = 3*s - a. What is the units digit of l?
2
Let t be (-21)/(-4) - 4/16. Suppose 0 = -t*l - 5*a + 75, -49 = -2*l - l - 4*a. What is the tens digit of l?
1
What is the units digit of 6/4*(8 - 2)?
9
Let j(o) be the second derivative of 5*o**4/24 - o**3/6 + o**2/2 - 3*o. Let u(t) be the first derivative of j(t). What is the units digit of u(1)?
4
Let r be (4 - 2) + -1 + 14. Suppose -r = -5*c + 15. What is the units digit of c?
6
Suppose -2*i = 3*i + 25. Let v(t) = -10*t + 14*t - 6*t + 4. What is the units digit of v(i)?
4
Suppose 0 = -2*l - 5*l + 77. What is the tens digit of l?
1
Suppose 0 = -0*s - 4*s + 8. Suppose -48 = 5*x - s*x. Let f = -10 - x. What is the units digit of f?
6
Suppose 2*x - 3*g - 354 = 0, -x + 5*g - 8*g + 186 = 0. What is the units digit of x?
0
Suppose -7*j = j - 712. What is the units digit of j?
9
Let u be 2 + (0/2)/(-1). Let t be (2/4)/(10/120). What is the units digit of 58/t - u/3?
9
Let u = -9 - -12. Suppose -23 = -4*a - u*w, 5*w = -a - 0*a + 10. Suppose -5*o = 4*x - 98, -a*x + 64 = -3*o + 6*o. What is the tens digit of o?
1
Suppose -6*q - 15 = -3*q. Let t = q + 5. Suppose t = -4*h + 20, 3*h = 4*y + 8*h - 33. What is the units digit of y?
2
Let s be ((-28)/12)/(-1)*3. Suppose 4*q = -3*d + s*d - 120, -2*d - 2*q + 48 = 0. What is the units digit of d?
7
Let q be ((-3)/3)/(-1)*-29. Let m = q - -46. Let j = m - 7. What is the tens digit of j?
1
Let c(o) = -4*o + 4. What is the tens digit of c(-3)?
1
Let y(f) be the second derivative of 0 - 1/3*f**3 + 0*f**2 - 3*f. What is the units digit of y(-1)?
2
Suppose -2*x + 1 = -3*x. What is the units digit of ((-195)/5)/(x*1)?
9
Let u(t) = t + 7. Let g be u(0). Let f = g + 19. Suppose 10*p + 4*n + 15 = 5*p, 0 = p - 5*n - f. What is the units digit of p?
1
Suppose 0 = 2*v - 2*s, -3*v + 2*s - 4*s + 15 = 0. Suppose -7 = 5*k + v. Let j = k - -4. What is the units digit of j?
2
What is the tens digit of ((-276)/16)/(12/(-32))?
4
What is the units digit of 112/(-6)*27/(-12)?
2
Let h(b) be the second derivative of b**4/12 - 5*b**3/6 - 2*b**2 + 3*b. What is the tens digit of h(7)?
1
Let v be (-4)/1 - -11 - 3. Suppose 3*n - v*x - 101 = 0, 0 = -x - 0*x - 2. What is the units digit of n?
1
Let i(f) = -f + 2. Suppose 9*h = 5*q + 4*h + 10, 4 = -4*q + 3*h. Let c(k) = -5*k + 3. Let u be c(q). What is the units digit of i(u)?
9
Let g = 51 - -45. What is the tens digit of g?
9
What is the tens digit of 41 - (4 + -4 + 1)?
4
What is the tens digit of 1919/19 - -2*-1*2?
9
Let z(u) = 2*u**2 - 5*u + 3. Let g(n) = -n**3 - 5*n**2 + n + 5. Let j be g(-5). Let a = 3 - j. What is the units digit of z(a)?
6
Let s(j) = 5*j + 4. Let q = -10 - -13. What is the tens digit of s(q)?
1
Let s = -375 + 560. What is the hundreds digit of s?
1
Let c(q) = q**2 - 13*q + 6. Let o be c(13). What is the tens digit of (-171)/o*(-32)/24?
3
Suppose 2*a + 4 = 0, 4*u - 4*a - 76 = -0*a. What is the tens digit of u?
1
Let w = 51 + -29. What is the units digit of w?
2
Suppose -3*t + 38 + 370 = 0. What is the tens digit of t?
3
Suppose -3*a + 5*w = -10, 5*a - 34 = -2*w - 7. Let s = a + -3. Suppose n + 12 = s*n. What is the tens digit of n?
1
Suppose -4*h = -21 - 19. Let c be (-10)/(-4)*32/h. Suppose -w = -6 - c. What is the units digit of w?
4
Let i = -23 - -39. What is the tens digit of i?
1
Let q(g) = 5*g + 1. Let a be q(3). Suppose o = d + 3, -4*d - a = -4*o - 2*d. What is the units digit of o?
5
Let c(k) = -12*k + 12. What is the units digit of c(-3)?
8
Suppose 0 = 4*a + 4. What is the units digit of (-3*(a + 2))/(-3)?
1
Let a(k) = 6*k - 2. Suppose -27 = 3*g + 2*n - 5*n, 2*g - 5*n = -33. Let x(t) = 7*t - 2. Let j(m) = g*x(m) + 5*a(m). What is the units digit of j(5)?
8
Suppose -3*t = -3*d - 9, 5*d - 2*d = 5*t - 23. Let s be 2/t + 608/28. Suppose 4*w - 37 = -5*b, -b = b + 4*w - s. What is the units digit of b?
5
What is the tens digit of 9*(-5 + 1)*-1?
3
Let l = 15 + -8. Suppose -m + 3*k = -6, -3*m + l + 1 = k. What is the tens digit of 16 - (m + (-1)/1)?
1
Let c be (3 - 0) + (0 - -1). Suppose 0*f = c*f - 28. What is the units digit of f?
7
Let w = 4 - 4. Suppose 2*j - 28 = 2*m - w*m, 0 = -2*j + 3*m + 32. What is the tens digit of j?
1
Suppose 0 = 4*s - 3*s - 70. What is the units digit of s?
0
Suppose 2*f - 1 = 7. Let v = 4 - f. Suppose 3*z - 25 - 29 = v. What is the tens digit of z?
1
Let g = -632 + 1006. What is the units digit of g?
4
Let l = -3 - -6. Let o be (3/l)/(1/5). Suppose 0 = 5*j - o. What is the units digit of j?
1
What is the units digit of 2 - (1 + -4)/3?
3
Let y be (3 - 4 - -5) + -1. Let b(j) = -j**3 + 4*j**2 - j - 2. What is the units digit of b(y)?
4
Let h = -8 - -12. Suppose 0*i - a + h = -i, 3*i + 4*a = 16. Suppose -12 = -3*q, -5*y - q + i*q + 19 = 0. What is the units digit of y?
3
Suppose -2*g - 10 = -3*a, g + 4*a = -g - 10. Let w(c) be the first derivative of c**4/4 + 5*c**3/3 - c**2 - 2*c - 2. What is the units digit of w(g)?
8
Let w(s) = 15*s**2 + 3. What is the tens digit of w(2)?
6
Suppose 0*m - 35 = -5*m. What is the units digit of m?
7
Let c(a) = 4*a**2 + a + 1. Let s(h) = h - 7. Let w be s(6). Let t be c(w). Let m(d) = -d**2 + 5*d + 1. What is the units digit of m(t)?
5
Let h(l) = -4*l + l + 5*l - 3. What is the units digit of h(9)?
5
Suppose -3*j + 5*j = h + 19, 0 = 3*h - 15. Let o = j - 6. What is the units digit of o?
6
Let c(f) = f**2 + 1. Let m be c(1). Let d = m + 2. Suppose -10 = -4*x + 4*s - 2, -5*x - d*s = -10. What is the units digit of x?
2
Let w(g) = -5*g - 9*g + 6 + 10*g + g**2. Let a be (1 + 0 - 2)*-5. What is the tens digit of w(a)?
1
Let d = -41 + 29. What is the units digit of 6 + 0/(d/(-4))?
6
Suppose -7*c + 10 = -5*c. What is the units digit of c?
5
Let k be (-4)/(-6)*78/4. What is the tens digit of k + (-1 - 3/3)?
1
Let v be 1/((-2)/(-6)) - 15. What is the units digit of (v/(-10))/(6/20)?
4
Sup